 factor of 2715039?
True
Is 52 a factor of 53523132?
True
Does 332 divide 669175546?
False
Does 2967 divide 85675092?
True
Is 970 a factor of 14855550?
True
Is 85989120 a multiple of 240?
True
Does 14 divide 135543912?
True
Does 526 divide 409819750?
True
Is 19 a factor of 179723966?
False
Does 5973 divide 833364906?
True
Is 45894636 a multiple of 6?
True
Does 3052 divide 681948442?
False
Is 2 a factor of 184053116?
True
Is 1373 a factor of 233120584?
False
Does 18 divide 3417408?
True
Is 113767799 a multiple of 341?
False
Does 17 divide 327127192?
True
Does 114 divide 28098606?
True
Is 21 a factor of 1051497405?
True
Is 473 a factor of 63853454?
False
Is 33027340 a multiple of 298?
True
Is 3047067947 a multiple of 889?
True
Does 775 divide 37375925?
True
Is 75583 a multiple of 77?
False
Is 1865792944 a multiple of 16?
True
Is 663207485 a multiple of 297?
False
Is 40891946 a multiple of 659?
False
Is 17 a factor of 562853587?
False
Is 3 a factor of 919218?
True
Is 181 a factor of 167996055?
True
Does 1011 divide 12292544?
False
Is 52551516 a multiple of 6?
True
Is 143945125 a multiple of 2?
False
Is 428431481 a multiple of 8?
False
Does 40 divide 239236920?
True
Does 117 divide 479132538?
False
Is 1326 a factor of 56601636?
True
Does 26 divide 136312585?
False
Does 220 divide 3047951500?
True
Is 18 a factor of 1705083102?
True
Is 5 a factor of 654358898?
False
Is 720 a factor of 58636800?
True
Does 107 divide 92687038?
True
Is 75363845 a multiple of 11?
False
Is 2134423708 a multiple of 101?
True
Is 35163050 a multiple of 94?
True
Is 212856416 a multiple of 368?
False
Is 33 a factor of 11046750?
True
Is 16 a factor of 4800192?
True
Is 11855751 a multiple of 1390?
False
Does 45 divide 32336994?
False
Does 546 divide 1579798701?
False
Is 1801145991 a multiple of 3477?
False
Is 406117425 a multiple of 1905?
True
Does 20 divide 738346080?
True
Does 185 divide 24427828?
False
Is 4699 a factor of 2178924524?
False
Does 544 divide 8214907?
False
Is 6 a factor of 3656752?
False
Is 19 a factor of 47097078?
False
Does 29 divide 104767545?
False
Is 1257 a factor of 1725836174?
False
Is 10529002 even?
True
Is 608310688 a multiple of 1273?
True
Does 327 divide 152364595?
False
Is 191242736 a multiple of 62?
False
Is 9715268 a multiple of 195?
False
Does 54 divide 961111775?
False
Is 70189588 a multiple of 7?
True
Does 9 divide 121840002?
True
Is 778194500 a multiple of 1556?
True
Is 846167072 a multiple of 32?
True
Is 12490746 a multiple of 102?
False
Is 10259316 a multiple of 318?
True
Is 15738501 a multiple of 214?
False
Does 1728 divide 52346304?
True
Does 167 divide 3680039920?
False
Is 30033487 a multiple of 59?
False
Is 4 a factor of 8721906?
False
Does 1917 divide 143906177?
False
Is 2 a factor of 16129109?
False
Is 31 a factor of 62902434?
False
Does 26 divide 123487785?
False
Is 14131386 a multiple of 94?
False
Is 80170150 a multiple of 20?
False
Is 22 a factor of 59935480?
True
Does 40 divide 64309050?
False
Is 221 a factor of 115500355?
False
Is 5258 a factor of 2843221436?
True
Is 38 a factor of 133528113?
False
Is 1365390417 a multiple of 105?
False
Is 3897 a factor of 484178868?
True
Does 410 divide 84346020?
True
Does 3021 divide 502234817?
False
Does 1232 divide 1348211662?
False
Is 1025 a factor of 44072930?
False
Is 448774 a multiple of 22?
False
Is 258 a factor of 45943350?
True
Is 32 a factor of 14388332?
False
Is 76 a factor of 74484104?
True
Does 595 divide 2258549103?
False
Is 21817548 a multiple of 764?
True
Is 791481778 a multiple of 1523?
True
Is 151 a factor of 9370453?
False
Is 16 a factor of 1843482212?
False
Is 481488259 a multiple of 74?
False
Is 87480343 a multiple of 72?
False
Is 133357456 a multiple of 8?
True
Does 99 divide 415873859?
False
Does 40 divide 104306360?
True
Is 9 a factor of 100987913?
False
Does 229 divide 66881441?
False
Is 8679 a factor of 2480996298?
True
Is 1269324 a multiple of 1932?
True
Is 223 a factor of 2647233?
True
Does 110 divide 1589050650?
True
Is 613 a factor of 93052174?
True
Is 372 a factor of 428512752?
True
Is 65 a factor of 172340155?
True
Is 8 a factor of 74811194?
False
Is 29203481 a multiple of 17?
False
Is 19 a factor of 8354718?
True
Does 6708 divide 399756552?
True
Is 141 a factor of 69851970?
False
Is 78304491 a multiple of 4020?
False
Does 7 divide 31985359?
True
Is 33988122 a multiple of 14?
True
Is 106402557 a multiple of 83?
False
Is 75978572 a multiple of 13?
False
Is 1796628 a multiple of 68?
True
Is 2354718041 a multiple of 221?
False
Is 9198074 a multiple of 14?
False
Does 627 divide 148253288?
False
Is 135493 a multiple of 1019?
False
Is 101639093 a multiple of 113?
True
Does 144 divide 32605439?
False
Is 572 a factor of 66510444?
True
Does 3143 divide 2445596097?
False
Does 70 divide 1479870?
True
Does 38 divide 1749597786?
True
Is 5 a factor of 6804361?
False
Does 18 divide 26656364?
False
Is 214 a factor of 43015660?
False
Does 193 divide 22496506?
False
Is 70334265 even?
False
Is 18 a factor of 2069609?
False
Does 5 divide 119639305?
True
Is 14151420 a multiple of 87?
True
Is 661 a factor of 545567934?
False
Is 136275762 a multiple of 15?
False
Does 194 divide 15323672?
True
Does 9 divide 171385277?
False
Does 250 divide 899124250?
True
Does 131 divide 2276579?
False
Does 433 divide 21830994?
True
Does 4 divide 58929276?
True
Does 383 divide 715914324?
True
Is 154100 a multiple of 92?
True
Is 2354 a factor of 44346503?
False
Is 561774632 a multiple of 449?
False
Does 231 divide 63932022?
True
Does 80 divide 4595052?
False
Does 406 divide 545229895?
False
Does 45 divide 46641685?
False
Is 4 a factor of 36726352?
True
Does 20 divide 330759577?
False
Does 12 divide 4001364?
True
Is 399503820 a multiple of 310?
True
Does 25 divide 3333855300?
True
Does 170 divide 34091120?
True
Is 4899180 a multiple of 662?
False
Is 3810833236 a multiple of 1708?
True
Is 4526837 a multiple of 2?
False
Is 581605689 a multiple of 2877?
True
Does 298 divide 30500666?
False
Is 56 a factor of 224961968?
True
Is 82 a factor of 720729808?
False
Does 310 divide 354755277?
False
Is 2913604 a multiple of 244?
True
Is 12265998 a multiple of 634?
True
Is 6 a factor of 17168364?
True
Is 13 a factor of 166988237?
True
Does 718 divide 2847090?
False
Is 50 a factor of 54124900?
True
Is 133212256 a multiple of 575?
False
Is 88 a factor of 23083808?
True
Is 318 a factor of 82260558?
True
Does 494 divide 262383654?
True
Does 20 divide 2030671833?
False
Is 10 a factor of 3802870?
True
Is 7814591 a multiple of 4?
False
Does 401 divide 47628374?
True
Is 13 a factor of 73872480?
False
Is 4523 a factor of 148055882?
True
Does 1438 divide 16115187?
False
Is 11923302 a multiple of 3?
True
Is 749671839 a multiple of 19?
False
Is 1869 a factor of 48872483?
False
Does 17 divide 10308369?
False
Is 11503273 a multiple of 13?
False
Is 28594160 a multiple of 10?
True
Does 136 divide 501725080?
True
Is 1647 a factor of 72115542?
True
Is 698087260 a multiple of 13?
True
Does 125 divide 2711000?
True
Is 2494349488 a multiple of 227?
False
Is 322 a factor of 71295297?
False
Is 25252844 a multiple of 661?
True
Does 21 divide 1630397229?
False
Is 503178302 a multiple of 2867?
False
Is 51282186 a multiple of 25?
False
Is 5378131122 a multiple of 14?
True
Is 8614862 a multiple of 6?
False
Is 158636160 a multiple of 8?
True
Is 15092093 a multiple of 2006?
False
Is 16 a factor of 7865264?
True
Does 49 divide 31339714?
True
Is 51904944 a multiple of 466?
True
Is 5063598014 a multiple of 4772?
False
Is 587871062 a multiple of 254?
True
Does 25 divide 967719125?
True
Is 49439737 a multiple of 71?
False
Does 3038 divide 2851840569?
False
Is 3624628 a multiple of 14?
True
Is 1338454161 a multiple of 14?
False
Does 176 divide 1822480?
True
Does 20 divide 60086309?
False
Is 28503376 a multiple of 88?
True
Does 6 divide 152874465?
False
Does 714 divide 170697383?
False
Is 3186054197 a multiple of 4055?
False
Does 32 divide 41178528?
True
Does 2085 divide 8377335?
False
Is 114 a factor of 4544169?
False
Does 70 divide 1406995492?
False
Is 12583314 a multiple of 2053?
False
Is 1306815240 a multiple of 25?
False
Does 242 divide 710966430?
False
Does 7 divide 80126242?
True
Is 4 a factor of 72679373?
False
Is 444 a factor of 513934440?
Tr